 + z(k). What is the remainder when f(-1) is divided by 21?
18
Suppose -3*o + 2*v + 151 = 0, 0 = 3*o + 4*v + 118 - 293. Let h = o + -16. Calculate the remainder when h is divided by 20.
17
Suppose k - 2*y - 9 = 0, 40*y = -4*k + 38*y + 76. Calculate the remainder when 42 is divided by k.
8
Let u(v) = v**2 - 7*v - 21. Let f be u(12). Suppose -5*s = f - 229. What is the remainder when 227 is divided by s?
37
Suppose 0 = -1968*b + 1990*b - 286. Calculate the remainder when 174 is divided by b.
5
Suppose -9*s = -1293 - 858. What is the remainder when s is divided by (33/(-9) + 0)*-6?
19
Suppose 0*r - 4*r - 4*n + 236 = 0, 0 = -4*n + 16. Suppose 0*q = -q + 10. Let a = 24 - q. What is the remainder when r is divided by a?
13
Suppose -5*d = -d + 5*o - 325, -3*d = -5*o - 270. What is the remainder when d is divided by 29?
27
Let p be (-15328)/(-12) + 4/6. Suppose -8*m - 150 = -p. Calculate the remainder when m is divided by 36.
33
Let p = 70 + -45. Suppose -p*n + 60 = -21*n. What is the remainder when 43 is divided by n?
13
Let d(o) = -o**2 + 34*o - 12. Calculate the remainder when 60 is divided by d(33).
18
Let i(m) = -m**2 + 5*m + 3. Let g be i(5). Suppose 52 = g*d - 2*d. Calculate the remainder when d is divided by 27.
25
Let m = 9 + -7. Suppose 8 = m*n, -2*n - 2*n = -4*h - 4. Calculate the remainder when 16 is divided by h.
1
Let n = 1 + 0. Let l(b) be the third derivative of 3*b**6/40 + b**5/30 - b**4/12 + b**3/6 + b**2. What is the remainder when 27 is divided by l(n)?
7
Suppose 0*y - 2*y = 5*j - 180, -j - 5*y = -59. Calculate the remainder when j is divided by 4*1 - ((-360)/4)/6.
15
Let p(h) = 2*h**2 + 21*h - 8. Let t be p(-11). Suppose 0 = 2*d - 3*z - 15, z - t*z = -3*d + 15. Calculate the remainder when 4 is divided by d.
1
Suppose 0 = j - 2*b + 2 - 6, 5*b = 4*j - 10. Let z = -11 - -26. What is the remainder when z is divided by (-9 + 5)*(-1 + j)?
3
Let f be (-46)/6 - (-12)/18. Suppose 0 = 7*a + 85 - 358. What is the remainder when a is divided by (-272)/(-28) + (-2)/f?
9
Let p = -34 + -74. Let o be (-1)/(-2 + p/(-52)). Calculate the remainder when o/(2/(-1 - 1)) is divided by 8.
5
Suppose -2*d + 3*o = -18, -d - 7*o - 13 = -3*o. Suppose -2*y = 4*f + 26, 4*y = d*f - y. Calculate the remainder when 31 is divided by 10/f*11/(-2).
9
Suppose -7*a = -284 - 108. What is the remainder when 552 is divided by a?
48
Let z = -55 + 81. What is the remainder when z is divided by (-41)/(-6) - (-8 - 3)/66?
5
Let h = -19 - -11. Let g = -1 - -2. Let i = g - h. What is the remainder when 16 is divided by i?
7
Suppose 2*d - 5*g - 102 = 0, 4*g - 22 = 3*d - 168. Calculate the remainder when 179 is divided by d.
41
Suppose -4*q = 4*r - 1752, -1332 = -3*q + 16*r - 13*r. What is the remainder when q is divided by 12?
9
Let y = -27 + 64. Let p = 152 - y. Suppose -5*j = -260 - p. Calculate the remainder when j is divided by 26.
23
Let r = -19 + 33. What is the remainder when ((-640)/24)/(10/3 + -4) is divided by r?
12
Suppose -4*g + 44 = -0*g. Let k = -177 + 207. What is the remainder when k is divided by g?
8
Let o(g) = -g**2 + 40*g - 196. What is the remainder when 454 is divided by o(7)?
34
Let f = 1054 + -980. Calculate the remainder when f is divided by 17.
6
Let s be (-920)/2*(3 + -4). Suppose 2*k = 7*k - s. Let l = k + -61. What is the remainder when l is divided by 16?
15
Suppose 21*g - 50578 = 2*g. Calculate the remainder when g is divided by 72.
70
Let f(b) = 6*b + 4. Suppose 4*n + w - 25 = -0*w, 0 = -n - 2*w + 8. Calculate the remainder when f(n) is divided by (-28)/(-6)*(-13 - -16).
12
Let b(z) = z**2 - 12*z - 54. What is the remainder when 121 is divided by b(17)?
28
Suppose d - 3*s = 290, 171 = -3*d - s + 1081. What is the remainder when d is divided by 17?
13
Suppose 0 = -2*p - 10, -4*l + 5*p = -l - 34. Suppose 0 = -i - l*i + 28. What is the remainder when 20 is divided by i?
6
Let d = -37 - -40. Suppose 14 + 30 = 4*y. Calculate the remainder when y is divided by d.
2
Let h be (7/(140/90))/((-3)/104). Calculate the remainder when 17 is divided by (-2)/(-3)*h/(-26).
1
Let z(l) = 62*l**2 - 47*l + 11. Calculate the remainder when z(3) is divided by 26.
12
Let o(t) = 19*t + 11. Let c be o(7). Let i = c - 67. What is the remainder when i is divided by 26?
25
Let n = -25 + 33. Let a be 4/n + 7/2. Suppose -3*r = -a*d + 132, d + 2*r = -10 + 32. Calculate the remainder when 57 is divided by d.
27
Let f(g) = 180*g**2 - 5*g - 5. What is the remainder when f(-1) is divided by 26?
24
Let t = 32 + -28. Calculate the remainder when (-10 - -6) + 23*t is divided by 30.
28
Let g(o) = -23*o - 35. Calculate the remainder when 1155 is divided by g(-3).
33
Let y = -32 - -23. Let b = 11 + y. Suppose -6*n + 4*n + 24 = 2*o, 0 = -n - b*o + 15. What is the remainder when 25 is divided by n?
7
Let k(l) = -111*l + 147. What is the remainder when 1511 is divided by k(1)?
35
Let q(v) = 2*v**3 + 2*v**2 - v. Suppose 1 + 14 = -3*b. Let k(s) = s**3 + 5*s**2 - s - 2. Let r be k(b). Calculate the remainder when q(r) is divided by 18.
15
Let n = 240 - 227. Calculate the remainder when (-4)/6*(-1377)/18 is divided by n.
12
Let x(k) = 11*k - 26. Let w be x(4). Suppose 14*j - w*j + 808 = 0. Calculate the remainder when j is divided by 41.
38
Suppose -3*d - w = -316, 0 = -4*d + d + w + 320. What is the remainder when d is divided by 87?
19
Let a(s) = 22*s**3 + 3*s**2 - 1. Calculate the remainder when a(1) is divided by (13 - (2 - 3)) + 0.
10
Let a be 3/2*(-12)/9. Let h be 8/4*(-277)/a. Let n = h - 188. Calculate the remainder when n is divided by 23.
20
Let n(w) = -6*w - 7. Let q be n(-7). Calculate the remainder when 29 is divided by q/10*(-20)/(-7).
9
Suppose -k + 4 = 2*d, 4*d - 2*d - 8 = -2*k. Suppose 4*m + 4*h - 20 = d, -3*h + 3 = -0*m - 3*m. What is the remainder when m is divided by 2?
0
Let p(i) = i**3 - 24*i**2 + 42*i + 51. What is the remainder when p(23) is divided by 35?
33
Suppose -2*f - f - 108 = 0. Calculate the remainder when (12/(-16))/(1/(-56)) is divided by 85/4 + f/(-48).
20
Suppose -20*p + 3601 + 359 = 0. Calculate the remainder when 596 is divided by p.
2
Suppose -18*w + 13*w = -5*v + 10, 0 = -5*w + 25. Let n = -13 + 25. Calculate the remainder when n is divided by v.
5
Let d(b) = -361 - 3*b - 360 + 714. Let q be (-38)/8 - 1/4. Calculate the remainder when d(q) is divided by 5.
3
Let v = -316 + 359. Calculate the remainder when 67 is divided by v.
24
Suppose -157*l - 108 = -161*l. What is the remainder when 44 is divided by l?
17
Suppose 20 = 2*i + 4*q, 5*i - 5*q + 0*q - 80 = 0. Let p(b) = -b - 3. Let h be p(-7). Suppose -h*z + 97 = -67. What is the remainder when z is divided by i?
13
Let t = -261 + 122. What is the remainder when (-78)/39 - (-2)/(-2)*t is divided by 47?
43
Let m be 10/(-6) + 60/9. Suppose -m*p - 2*g = -117, 4*p - 5*g = -0*g + 87. Calculate the remainder when 42 is divided by p.
19
Let s = 297 + -275. Let p be (7/(-21))/(2/(-12)). Suppose -p*f = -5*f + 129. Calculate the remainder when f is divided by s.
21
Let b be 14 + -1 + -2 + 0. Suppose n = c - 4*c - 13, 3*c + b = -2*n. Suppose n = -2*o + 16. What is the remainder when 13 is divided by o?
6
Suppose n - 2 = -4*h + 16, n - 5*h = 9. Calculate the remainder when 4/(-10) + (-62)/(-5) is divided by n*(-4)/16*-2.
5
Suppose -3*a + a + 24 = -4*h, -4*a = 3*h - 59. What is the remainder when 92 is divided by (a/(-8) + -3)*-4?
16
Let g = -828 - -1665. Suppose g = 6*j - 105. Calculate the remainder when j is divided by 32.
29
Let x(n) = -12*n. Suppose -7*o + 10*o - 4*s = 10, o - 2 = 2*s. Suppose o*m = m - 2*p + 97, p = 5*m - 94. Calculate the remainder when m is divided by x(-1).
7
Let d(y) = 2*y**2 - 30*y + 18. Suppose -77 = 3*z - 8*z - 2*b, 2*z + 2*b = 32. What is the remainder when d(z) is divided by 4?
2
Suppose 39*z - 3239 = -2*z. Calculate the remainder when z is divided by 14.
9
Let t(b) = -b**3 - 2*b**2 + 16*b - 15. Suppose -a - 9 = -2*a. What is the remainder when t(-6) is divided by a?
6
Calculate the remainder when 362 is divided by 6*-1*299/(-69).
24
Let p = 120 + 88. Suppose 0 = 8*z - p - 152. What is the remainder when 179 is divided by z?
44
Suppose -5*y + 6*y + v = 24, 2*y = 2*v + 36. Suppose y = 4*w - 99. Calculate the remainder when 59 is divided by w.
29
Let w = -31 + 37. Suppose -3*p = -0*c -